519/(-140) + 11). Calculate u(n).
-6
Suppose 0 = -3*b + 3 + 3. Let i(p) = p - 2. Let k be i(6). Let q(s) = k*s + 3*s + 6 - 3*s - s**b. Determine q(5).
1
Let t(c) = -3 - 5*c**2 - 665*c + 7*c**2 + 662*c + 2 + 3. Give t(2).
4
Suppose -2*g - 4*g = 0. Let q(k) be the third derivative of 0*k + 0 + 7/6*k**3 + 1/120*k**6 - 9*k**2 + 0*k**4 + 1/60*k**5. Give q(g).
7
Let t(d) be the second derivative of -d**5/20 + 5*d**4/4 - 4*d**3 - 19*d**2/2 - 45*d - 1. Determine t(13).
7
Suppose 3*a - 439 + 451 = 0. Let q(l) = -13*l - 7. Calculate q(a).
45
Suppose 6*s - 105 = 3*s. Suppose s = 5*w + 10. Suppose 2*f + w = 4*u + 23, -u + 18 = 4*f. Let y(b) = b**3 - 6*b**2 + 6*b - 1. Determine y(f).
4
Let c(l) = -l**2 + l + 1. Let g(u) be the second derivative of u**4/12 - u**2/2 + 15*u. Let b(k) = 6*c(k) + 5*g(k). Give b(6).
1
Let t(k) be the second derivative of -k**4/12 + 4*k**3/3 - 3*k**2 - 4971*k. Suppose -2*i + 3*g = 3, 0*g + 29 = 4*i + g. Give t(i).
6
Let q(m) = m**3 - 11*m**2 + 11*m - 7. Let p(y) = -y**3 + 19*y**2 - 19*y + 22. Let i be p(18). Suppose 2*j - 8 = -i*t, 5*t + 13 = j - 12. What is q(j)?
3
Suppose 57 - 9 = 4*s. Let h = s + -16. Let a(o) = -3*o + o + 3 - 2 - o**2. Calculate a(h).
-7
Let y(g) be the second derivative of 0 - 1/2*g**3 - 4*g + 1/2*g**2. Determine y(1).
-2
Let w(g) = g**2 - 3*g + 10. Suppose 5*f + 5*q - 12 - 18 = 0, 5*f - 10 = 5*q. Give w(f).
14
Let l = 3 + -7. Let j(f) = 3*f**2 - 19*f - 15. Let d be j(7). Let i = d + l. Let o(u) = -u + 3. Determine o(i).
8
Let t be (67 - 62) + 2*-8. Let d(h) = -h**3 - 11*h**2 - 2*h - 13. Give d(t).
9
Let b(p) = -3*p + 1. Suppose -17 = -19*i + 21. Determine b(i).
-5
Let o(q) = 7 + q - 2 - 8 - 4*q**2 - 2*q + 7. Let v(d) = -11*d**2 - 3*d + 11. Let z = -14 - -20. Let k(p) = z*v(p) - 17*o(p). What is k(2)?
4
Let b(o) = -o**3 + 8*o**2 - o + 5. Let p(r) = 3*r**3 - 25*r**2 + 3*r - 19. Let a(j) = 7*b(j) + 2*p(j). Calculate a(3).
21
Suppose 32 + 3 = 5*y. Let j = 10 - y. Let i(x) = -x**3 - x + x**2 + 3*x + 1 + 3*x**2 - j. Determine i(4).
6
Let v(d) = 2*d**2 + 4 + 9*d + 2 - d**2. Suppose 3*z = 2*w + 5, 114 = -6*w + 5*z + 95. Calculate v(w).
-14
Suppose 2*i - 3 - 11 = 0. Let m(f) = -7*f + 2. Let l be m(-5). Let q(r) = 66*r - l*r + 3 + r**2 - 37*r. Determine q(i).
-4
Let q(l) be the first derivative of 0*l - 26 - 1/2*l**2. What is q(7)?
-7
Let v be (-37)/7 + 36/126. Let m(r) = -r**3 - 5*r**2 + 3*r + 16. Calculate m(v).
1
Suppose 3*q - 61*x - 1 = -66*x, -q + 5*x - 13 = 0. Let l(c) be the third derivative of c**5/60 + c**4/12 - c**3/3 + 8*c**2. Calculate l(q).
1
Suppose -4*g = -0*g - 56. Let n(p) = -3*p + 1. Let a be n(-3). Suppose 4*x = 2*u - g, -3*x = -x - 4*u + a. Let l(d) = d**2 - 2*d - 4. Give l(x).
11
Let k(q) = 2*q - 4. Let i be ((3*16)/2)/1. Suppose 3*h - i = 5*b - 4, -2*h + 30 = 5*b. Let r = -6 + h. Give k(r).
4
Let n(z) = -2*z**2 - 12. Let w(q) = q**2 + 6. Let k be (5 + 1)/(-2) - 4. Let d(u) = k*w(u) - 4*n(u). What is d(0)?
6
Let m(l) = l + 18. Suppose -k = -2*x + 19 - 49, 2*k = 0. Let c be m(x). Let z(f) = -3 + 3*f**3 - 4*f**3 + c*f**2 + f + 0*f**3. What is z(3)?
0
Let c(w) = -w**2 + 7*w + 8. Suppose 47 + 51 = 7*z. Suppose 0 = z*l - 18*l + 28. What is c(l)?
8
Let x = -1 - -24. Suppose 0 = 3*v + 3*j + j + x, 4*v - 11 = 3*j. Let m(s) = 3*s**2. Let c(k) = 25*k**2. Let o(i) = 6*c(i) - 51*m(i). Give o(v).
-3
Let t(q) = -q**3 + 11*q**2 - 40*q + 124. Let m be t(8). Let a(y) = -3*y**2 - 6*y - 1. Give a(m).
-25
Let a(c) be the first derivative of 0*c**3 - 3*c - 2*c**3 - 5 + 0*c**3 - c**2 + 4*c. Determine a(1).
-7
Let d(u) = 2*u**2 + 4*u + 4. Let l(k) = 1. Let a(m) = d(m) - l(m). Suppose 14*h - 12*h = -6. What is a(h)?
9
Let f be (2 - 56/20)*55/(-1). Suppose -4*v = -15*v + f. Let r(g) = -4*g + 3. Give r(v).
-13
Let f(l) = l**2 - 3*l - 3. Let q be (-1 - (-2 + 1))/2. Suppose 2*k + 27 - 23 = q. Determine f(k).
7
Let m = 7 + -4. Let i(h) = 6 - 5*h - h**m - 1 + 6*h**2 + 0. Let r(q) = -5*q**3. Let u be r(-1). Give i(u).
5
Let p(x) = 5*x - 28. Suppose 36*o - 356 + 176 = 0. Calculate p(o).
-3
Let t(s) = -s**2 + s + 7. Let f be -6*(-2)/24*0. What is t(f)?
7
Suppose 51 - 15 = -2*c. Let m be c/24 - 30/(-8). Let z(d) = 2*d - 2. Determine z(m).
4
Let z = 115 - 110. Let q(h) = -h**2 - 4. What is q(z)?
-29
Let i = 14 - -17. Suppose 5*y + 0*w = -2*w + i, -5*w = 5*y - 40. Suppose 0 = q + 3*k + 2*k + 14, -y*k - 19 = -4*q. Let h(t) = -12*t + 1. Calculate h(q).
-11
Let t(p) be the third derivative of p**5/12 + p**4/12 - p**3/6 - 276*p**2. Calculate t(2).
23
Let d(q) = -1. Let x(k) = -9*k**3 - 5. Let r(l) = 6*d(l) - x(l). Let i(h) = h**3 + 11*h**2 - h - 7. Let a be i(-11). Suppose 2*y = a*y - 2. What is r(y)?
8
Let m(v) = -v**3 - 9*v**2 - 4*v + 14. Let z = 1731 - 1739. What is m(z)?
-18
Suppose 6 + 2 = 4*d. Suppose 5*o = -5*i - 25, 4*o + d*i + 0*i = -14. Let s be 0 + -1 + o + 2. Let v(x) = -3*x - 1. Calculate v(s).
2
Let a(j) be the second derivative of -j**3/6 + j**2/2 + 161*j. Determine a(4).
-3
Let p(o) = 5*o**2 + 0*o**2 - 3*o - 4*o**2 - 5. Let l = -78 + 82. Calculate p(l).
-1
Let t(g) = -g**2 - 5*g + 11. Let i be t(-6). Suppose -i*u - 20 = -u. Let x(p) = p**3 + 5*p**2 - 7. What is x(u)?
-7
Let l = -41 + 28. Suppose 3 - 43 = -4*n. Let h = l + n. Let d(y) = -y**3 - 2*y**2 - 3. Determine d(h).
6
Suppose 2*n - 102 = 3*r - 107, 4*n = 2*r - 6. Let u(p) = 5*p**2 - 2*p + 2. What is u(r)?
5
Let x(m) = -m**2 + 7*m + 5. Suppose 32 = 2*t - 64. Let w = -42 + t. Determine x(w).
11
Suppose 36 = -41*f + 44*f. Let h(n) = -n**3 + 13*n**2 - 13*n + 19. Give h(f).
7
Let w(o) = -o**3 + o**2 + o - 54. Let a(v) = v**3 - 5*v**2 - 25*v + 77. Let p be a(7). Determine w(p).
-54
Suppose 0 = -2*q - 2*v - 16, 4*q + 3*v - v = -24. Let u(h) = h**2 + h + 2. Let k be u(2). Let r(a) = -k*a + 23*a - 10*a - 4*a. Give r(q).
-4
Let p(u) = -u**2 + 7*u + 14. Let s be p(8). Suppose -5*q = -4*r + s, -3*q - 5*r - 6 = -32. Let j(k) = -3*k**2 + k + 3*k + k**q - 2*k. What is j(-2)?
-12
Let m(k) = 12*k**3 - 15*k**2 + 2*k + 20. Let s(d) = -3*d**3 + 4*d**2 - d - 5. Let n(z) = -3*m(z) - 11*s(z). Calculate n(2).
-15
Let c(j) = j**3 - 6*j**2 + 1. Let a(o) = -4*o - 78. Let p be a(-21). Give c(p).
1
Let h(t) = 3 + 3 + 7 - 7 - 2*t. Let f(u) = -2 - 1 + 2. Let w(i) = -2*f(i) - h(i). Give w(4).
4
Let d(y) = -3 - 13 + 16 - 2 - 2*y - 6. Give d(3).
-14
Let p(i) = -11 - 6 + 6 - 7 - 2*i + 3. Give p(-4).
-7
Let k(q) = -q**3 - 13*q**2 - 11*q - 5. Let p be (4 - -1) + 357/(-21). Calculate k(p).
-17
Let m(d) = -6*d**2 - 2170*d + 1088*d + 1 + 1085*d. Calculate m(-2).
-29
Let p be (40/15)/(-8) + (-38)/(-6). Let f(g) be the first derivative of 1 + p*g + 1/2*g**2. Calculate f(-3).
3
Let g be (-4)/(-2) + -7*(-21)/49. Let i(p) = -p + 1. Determine i(g).
-4
Let h be ((-11)/33)/(2/12) - -8. Let f(x) = -2*x**2 + 5*x - 11. Let w(l) = -l**2 + 2*l - 6. Let u(i) = 3*f(i) - 5*w(i). Determine u(h).
-9
Let o(j) be the second derivative of -j**3/6 + j**2/2 - 7*j - 10. Calculate o(-7).
8
Let b(n) = -7*n**2 + 0 + 2 - 9*n**2 + 15*n**2 + 4*n. Give b(3).
5
Let u(m) = m**2 + 6*m + 3. Let q = 4 - 3. Suppose c = -6 + q. Calculate u(c).
-2
Let q(j) be the third derivative of -j**4/24 - j**3/3 - 19*j**2. Let m(r) = -2 - 3 + 3*r + 0*r**2 + 3 + r**2. Let t be m(-4). Calculate q(t).
-4
Let l = 4 + -2. Let q(m) = m**3 + 0 + 1 - m**l + 7. Determine q(0).
8
Let s(g) be the first derivative of -g**3 + g**2/2 + 566. Give s(3).
-24
Let c(w) = -2*w**2 + 23*w + 50. Let i be c(-2). Let d(t) = t**3 + 2*t**2 - 3*t + 3. Determine d(i).
-17
Let r(s) = -s - 77. Let l(y) = 3*y + 219. Let n(g) = -6*l(g) - 17*r(g). Determine n(-16).
11
Suppose 7*t = t + 144. Let c = 35 - t. Let a(r) = r**3 - 11*r**2 + 2*r - 16. Let h be a(c). Let i(m) = -m**2 + 6*m + 5. Give i(h).
5
Let g(k) = -k**2 - 10*k + 10. Suppose h - 2*d + 7 = 0, -d + 4 = -4*h - 38. Give g(h).
-1
Let o(i) = i**3 - 18*i**2 + 3*i - 48. Let s = 1010 + -992. What is o(s)?
6
Let y(b) = b**2 - 4*b + 1. Let a be (195/75)/((-2)/(-10)). Let d = -10 + a. What is y(d)?
-2
Let g(m) be the first derivative of 3*m**2/2 + m + 84. Calculate g(-5).
-14
Let t(u) = -u**3 + 6*u**2 + 7*u + 6. Let c be (37 + -51)*2/(-4). Give t(c).
6
Let p(z) be the third derivative of -z**4/3 - 16*z**3/3 - 86*z**2. Calculate p(-4).
0
Let h(w) be the second derivative of w**6/360 - w**5/60 - 5*w**4/12 - 4*w. Let n(j) be the third d